29304?
2
What is the hundreds digit of 247657?
6
What is the thousands digit of 1316977?
6
What is the units digit of 5495868?
8
What is the tens digit of 123422?
2
What is the thousands digit of 4538150?
8
What is the hundred thousands digit of 895841?
8
What is the hundred thousands digit of 4346170?
3
What is the tens digit of 615257?
5
What is the thousands digit of 412023?
2
What is the hundreds digit of 8135115?
1
What is the ten thousands digit of 12508126?
0
What is the hundred thousands digit of 15299174?
2
What is the thousands digit of 11250418?
0
What is the tens digit of 21492103?
0
What is the millions digit of 2061880?
2
What is the units digit of 6317245?
5
What is the hundreds digit of 1126392?
3
What is the hundred thousands digit of 579014?
5
What is the thousands digit of 2894307?
4
What is the hundreds digit of 7159006?
0
What is the hundreds digit of 7861372?
3
What is the tens digit of 264957?
5
What is the hundred thousands digit of 23412018?
4
What is the ten thousands digit of 1095710?
9
What is the hundreds digit of 1898779?
7
What is the units digit of 21754433?
3
What is the tens digit of 1569918?
1
What is the units digit of 132661?
1
What is the units digit of 10895891?
1
What is the ten thousands digit of 133477?
3
What is the millions digit of 7072863?
7
What is the millions digit of 9213780?
9
What is the ten thousands digit of 10157339?
5
What is the units digit of 108182?
2
What is the hundred thousands digit of 238973?
2
What is the ten thousands digit of 1239878?
3
What is the millions digit of 11349686?
1
What is the tens digit of 2577752?
5
What is the thousands digit of 113781?
3
What is the millions digit of 25497994?
5
What is the thousands digit of 648760?
8
What is the thousands digit of 16431?
6
What is the hundred thousands digit of 1146616?
1
What is the thousands digit of 480386?
0
What is the ten thousands digit of 359357?
5
What is the thousands digit of 21887?
1
What is the units digit of 4791522?
2
What is the ten thousands digit of 331211?
3
What is the hundred thousands digit of 2998138?
9
What is the ten thousands digit of 18838?
1
What is the thousands digit of 69646?
9
What is the tens digit of 8060911?
1
What is the hundreds digit of 1435913?
9
What is the hundreds digit of 182510?
5
What is the hundred thousands digit of 435022?
4
What is the thousands digit of 407398?
7
What is the thousands digit of 1741377?
1
What is the ten thousands digit of 903470?
0
What is the tens digit of 2172142?
4
What is the millions digit of 3369900?
3
What is the hundreds digit of 20999010?
0
What is the thousands digit of 509347?
9
What is the hundreds digit of 128563?
5
What is the millions digit of 4376524?
4
What is the ten thousands digit of 1013102?
1
What is the tens digit of 11171965?
6
What is the ten thousands digit of 340845?
4
What is the thousands digit of 44802587?
2
What is the tens digit of 1251258?
5
What is the units digit of 1765881?
1
What is the hundreds digit of 344801?
8
What is the units digit of 494534?
4
What is the units digit of 718843?
3
What is the tens digit of 341295?
9
What is the thousands digit of 2842406?
2
What is the hundreds digit of 123530?
5
What is the thousands digit of 1264797?
4
What is the units digit of 744346?
6
What is the units digit of 23039993?
3
What is the millions digit of 2938675?
2
What is the hundred thousands digit of 14262997?
2
What is the hundreds digit of 1366592?
5
What is the hundred thousands digit of 2243663?
2
What is the hundred thousands digit of 9895996?
8
What is the hundred thousands digit of 1908913?
9
What is the ten millions digit of 13391562?
1
What is the hundred thousands digit of 1495820?
4
What is the units digit of 23751397?
7
What is the thousands digit of 10782978?
2
What is the ten thousands digit of 233002?
3
What is the units digit of 4530725?
5
What is the tens digit of 10221657?
5
What is the hundreds digit of 11797163?
1
What is the hundreds digit of 1847568?
5
What is the tens digit of 749335?
3
What is the thousands digit of 442522?
2
What is the thousands digit of 35076430?
6
What is the hundred thousands digit of 435277?
4
What is the millions digit of 4435871?
4
What is the tens digit of 8121687?
8
What is the hundreds digit of 2205637?
6
What is the hundred thousands digit of 4281653?
2
What is the tens digit of 488348?
4
What is the units digit of 4811685?
5
What is the tens digit of 11939866?
6
What is the ten thousands digit of 246453?
4
What is the thousands digit of 8989081?
9
What is the hundreds digit of 3347744?
7
What is the ten thousands digit of 2420010?
2
What is the millions digit of 5635860?
5
What is the thousands digit of 2493322?
3
What is the units digit of 724495?
5
What is the ten thousands digit of 5132179?
3
What is the tens digit of 4402084?
8
What is the units digit of 8211?
1
What is the thousands digit of 428436?
8
What is the ten thousands digit of 708409?
0
What is the units digit of 189443?
3
What is the hundreds digit of 492170?
1
What is the units digit of 22004747?
7
What is the thousands digit of 2402864?
2
What is the millions digit of 21552789?
1
What is the units digit of 14559767?
7
What is the hundred thousands digit of 9470860?
4
What is the thousands digit of 236301?
6
What is the ten thousands digit of 564480?
6
What is the hundreds digit of 261253?
2
What is the units digit of 255926?
6
What is the millions digit of 1243304?
1
What is the tens digit of 557550?
5
What is the hundreds digit of 1617847?
8
What is the thousands digit of 6688338?
8
What is the units digit of 10750355?
5
What is the units digit of 186189?
9
What is the ten thousands digit of 6202156?
0
What is the hundred thousands digit of 765110?
7
What is the ten thousands digit of 182450?
8
What is the thousands digit of 1514271?
4
What is the hundreds digit of 462273?
2
What is the tens digit of 131471?
7
What is the ten thousands digit of 12339595?
3
What is the thousands digit of 207128?
7
What is the hundreds digit of 26014963?
9
What is the hundred thousands digit of 2096166?
0
What is the ten thousands digit of 1813501?
1
What is the hundreds digit of 5680977?
9
What is the thousands digit of 59580?
9
What is the units digit of 360788?
8
What is the tens digit of 17729523?
2
What is the units digit of 331240?
0
What is the hundreds digit of 37833?
8
What is the thousands digit of 764149?
4
What is the units digit of 2769871?
1
What is the millions digit of 1128725?
1
What is the hundreds digit of 303217?
2
What is the hundred thousands digit of 4339295?
3
What is the units digit of 215617?
7
What is the units digit of 183051?
1
What is the thousands digit of 1348989?
8
What is the hundred thousands digit of 1095266?
0
What is the thousands digit of 86050?
6
What is the units digit of 1525535?
5
What is the ten thousands digit of 1548261?
4
What is the hundreds digit of 593475?
4
What is the tens digit of 1715245?
4
What is the hundreds digit of 4332071?
0
What is the units digit of 2917?
7
What is the ten thousands digit of 669949?
6
What is the units digit of 2019201?
1
What is the units digit of 44707?
7
What is the hundreds digit of 1220940?
9
What is the millions digit of 6810826?
6
What is the hundred thousands digit of 2706599?
7
What is the ten millions digit of 34098755?
3
What is the tens digit of 7087254?
5
What is the units digit of 24909?
9
What is the tens digit of 2770621?
2
What is the ten thousands digit of 1164854?
6
What is the millions digit of 2770553?
2
What is the hundreds digit of 323978?
9
What is the hundred thousands digit of 890528?
8
What is the millions digit of 1138037?
1
What is the thousands digit of 17773424?
3
What is the ten thousands digit of 24207933?
0
What is the thousands digit of 44554851?
4
What is the ten thousands digit of 162181?
6
What is the hundreds digit of 1514621?
6
What is the units digit of 333557?
7
What is the hundred thousands digit of 111463?
1
What is the units digit of 290747?
7
What is the hundred thousands digit of 29983582?
9
What is the tens digit of 168198?
9
What is the hundred thousands digit of 2817060?
8
What is the units digit of 4332376?
6
What is the millions digit of 7556353?
7
What is the millions digit of 1057516?
1
Wha